 of 1293.
3, 431
What are the prime factors of 24890?
2, 5, 19, 131
List the prime factors of 3402.
2, 3, 7
List the prime factors of 18691.
18691
What are the prime factors of 20729?
19, 1091
List the prime factors of 26378.
2, 11, 109
What are the prime factors of 41526?
2, 3, 769
List the prime factors of 2093.
7, 13, 23
List the prime factors of 99934.
2, 29, 1723
List the prime factors of 29005.
5, 5801
List the prime factors of 1878.
2, 3, 313
What are the prime factors of 61496?
2, 7687
What are the prime factors of 4416?
2, 3, 23
List the prime factors of 8217.
3, 11, 83
What are the prime factors of 985?
5, 197
List the prime factors of 12196.
2, 3049
List the prime factors of 11.
11
List the prime factors of 338.
2, 13
List the prime factors of 587.
587
What are the prime factors of 107892?
2, 3, 37
What are the prime factors of 92548?
2, 17, 1361
List the prime factors of 10594.
2, 5297
What are the prime factors of 3794?
2, 7, 271
List the prime factors of 34952.
2, 17, 257
List the prime factors of 1398.
2, 3, 233
What are the prime factors of 1861?
1861
List the prime factors of 45957.
3, 15319
What are the prime factors of 3074?
2, 29, 53
What are the prime factors of 785?
5, 157
List the prime factors of 2026.
2, 1013
What are the prime factors of 169?
13
List the prime factors of 2569.
7, 367
What are the prime factors of 2014?
2, 19, 53
List the prime factors of 29.
29
What are the prime factors of 1002?
2, 3, 167
What are the prime factors of 11039?
7, 19, 83
What are the prime factors of 3886?
2, 29, 67
List the prime factors of 42798.
2, 3, 7, 1019
List the prime factors of 28568.
2, 3571
List the prime factors of 123246.
2, 3, 41, 167
List the prime factors of 654.
2, 3, 109
What are the prime factors of 2471?
7, 353
List the prime factors of 41205.
3, 5, 41, 67
What are the prime factors of 1379?
7, 197
List the prime factors of 4143.
3, 1381
What are the prime factors of 8749?
13, 673
What are the prime factors of 52785?
3, 5, 17, 23
List the prime factors of 5060.
2, 5, 11, 23
What are the prime factors of 1150?
2, 5, 23
What are the prime factors of 379?
379
What are the prime factors of 95370?
2, 3, 5, 11, 17
What are the prime factors of 3968?
2, 31
What are the prime factors of 779?
19, 41
List the prime factors of 46573.
46573
List the prime factors of 3451.
7, 17, 29
What are the prime factors of 4956?
2, 3, 7, 59
What are the prime factors of 413?
7, 59
List the prime factors of 51824.
2, 41, 79
List the prime factors of 1219.
23, 53
What are the prime factors of 105162?
2, 3, 17, 1031
List the prime factors of 1588.
2, 397
List the prime factors of 1280.
2, 5
List the prime factors of 14494.
2, 7247
List the prime factors of 11107.
29, 383
What are the prime factors of 33896?
2, 19, 223
What are the prime factors of 36?
2, 3
List the prime factors of 428.
2, 107
What are the prime factors of 4935?
3, 5, 7, 47
What are the prime factors of 14409?
3, 1601
What are the prime factors of 42274?
2, 23, 919
What are the prime factors of 121640?
2, 5, 3041
What are the prime factors of 10897?
17, 641
What are the prime factors of 20?
2, 5
List the prime factors of 1004.
2, 251
List the prime factors of 1681.
41
What are the prime factors of 133526?
2, 66763
List the prime factors of 25649.
13, 1973
What are the prime factors of 90?
2, 3, 5
List the prime factors of 15872.
2, 31
What are the prime factors of 978?
2, 3, 163
List the prime factors of 11325.
3, 5, 151
List the prime factors of 23249.
67, 347
List the prime factors of 13838.
2, 11, 17, 37
What are the prime factors of 8588?
2, 19, 113
What are the prime factors of 32230?
2, 5, 11, 293
List the prime factors of 3079.
3079
List the prime factors of 6112.
2, 191
What are the prime factors of 1006?
2, 503
List the prime factors of 728.
2, 7, 13
What are the prime factors of 7694?
2, 3847
What are the prime factors of 14509?
11, 1319
List the prime factors of 43648.
2, 11, 31
What are the prime factors of 3967?
3967
List the prime factors of 9347.
13, 719
List the prime factors of 1344.
2, 3, 7
List the prime factors of 54.
2, 3
What are the prime factors of 1726?
2, 863
List the prime factors of 5569.
5569
What are the prime factors of 52311?
3, 7, 47, 53
List the prime factors of 4441.
4441
List the prime factors of 15258.
2, 3, 2543
List the prime factors of 446.
2, 223
What are the prime factors of 2110?
2, 5, 211
List the prime factors of 981.
3, 109
What are the prime factors of 576?
2, 3
List the prime factors of 14560.
2, 5, 7, 13
What are the prime factors of 39?
3, 13
What are the prime factors of 718?
2, 359
List the prime factors of 16165.
5, 53, 61
List the prime factors of 5355.
3, 5, 7, 17
What are the prime factors of 7052?
2, 41, 43
List the prime factors of 4153.
4153
What are the prime factors of 239?
239
What are the prime factors of 11895?
3, 5, 13, 61
List the prime factors of 579.
3, 193
List the prime factors of 1182.
2, 3, 197
What are the prime factors of 2829?
3, 23, 41
What are the prime factors of 11883?
3, 17, 233
List the prime factors of 122381.
7, 17483
What are the prime factors of 1368?
2, 3, 19
List the prime factors of 3886.
2, 29, 67
List the prime factors of 6115.
5, 1223
List the prime factors of 7828.
2, 19, 103
What are the prime factors of 6971?
6971
What are the prime factors of 12210?
2, 3, 5, 11, 37
What are the prime factors of 5973?
3, 11, 181
What are the prime factors of 42649?
42649
What are the prime factors of 31839?
3, 10613
List the prime factors of 11307.
3, 3769
List the prime factors of 11252.
2, 29, 97
What are the prime factors of 79035?
3, 5, 11, 479
What are the prime factors of 33567?
3, 67, 167
What are the prime factors of 93136?
2, 5821
What are the prime factors of 56253?
3, 17, 1103
List the prime factors of 1538.
2, 769
What are the prime factors of 47501?
47501
What are the prime factors of 26609?
11, 41, 59
What are the prime factors of 3735?
3, 5, 83
List the prime factors of 6046.
2, 3023
What are the prime factors of 1414?
2, 7, 101
List the prime factors of 359.
359
List the prime factors of 19736.
2, 2467
What are the prime factors of 56756?
2, 7, 2027
What are the prime factors of 92771?
7, 29, 457
What are the prime factors of 1322?
2, 661
List the prime factors of 25609.
25609
List the prime factors of 1287.
3, 11, 13
List the prime factors of 435.
3, 5, 29
What are the prime factors of 316?
2, 79
List the prime factors of 126939.
3, 17, 19, 131
What are the prime factors of 1324?
2, 331
What are the prime factors of 30901?
13, 2377
What are the prime factors of 30050?
2, 5, 601
List the prime factors of 2688.
2, 3, 7
What are the prime factors of 2433?
3, 811
What are the prime factors of 1244?
2, 311
List the prime factors of 855.
3, 5, 19
List the prime factors of 1274.
2, 7, 13
What are the prime factors of 855?
3, 5, 19
What are the prime factors of 6239?
17, 367
List the prime factors of 1332.
2, 3, 37
List the prime factors of 28701.
3, 1063
List the prime factors of 290.
2, 5, 29
List the prime factors of 1555.
5, 311
What are the prime factors of 1605?
3, 5, 107
List the prime factors of 16518.
2, 3, 2753
What are the prime factors of 1594?
2, 797
What are the prime factors of 41923?
7, 53, 113
List the prime factors of 700.
2, 5, 7
What are the prime factors of 151?
151
List the prime factors of 22830.
2, 3, 5, 761
What are the prime factors of 10932?
2, 3, 911
What are the prime factors of 1744?
2, 109
List the prime factors of 419.
419
List the prime factors of 2790.
2, 3, 5, 31
What are the prime factors of 3706?
2, 17, 109
What are the prime factors of 3239?
41, 79
What are the prime factors of 11664?
2, 3
List the prime factors of 713.
23, 31
List the prime factors of 80574.
2, 3, 13, 1033
What are the prime factors of 5350?
2, 5, 107
What are the prime factors of 7653?
3, 2551
What are the prime factors of 3129?
3, 7, 149
What are the prime factors of 49817?
31, 1607
List the prime factors of 829.
829
List the prime factors of 3936.
2, 3, 41
What are the prime factors of 101792?
2, 3181
What are the prime factors of 6478?
2, 41, 79
What are the prime factors of 1622?
2, 811
What are the prime factors of 885?
3, 5, 59
List the prime factors of 268.
2, 67
List the p